 by 74.
66
Let n(l) = 6*l**2 - 70*l + 17. What is the remainder when 2780 is divided by n(13)?
118
Let c(r) = 167*r - 1958. What is the remainder when 688 is divided by c(12)?
44
Suppose -6*q - 3*o + 660 = 0, 0 = -6*q + 3*q + 4*o + 341. Calculate the remainder when 787 is divided by q.
10
Let o(l) = 195*l**2 - 97*l + 286. What is the remainder when o(3) is divided by 222?
196
Let h be 3/(-18) + 3251/(-6). Let s = h + 726. Calculate the remainder when s is divided by 31.
29
Let r(t) = t**3 + t**2 + t + 1. Let k(q) = -2*q**3 - 3*q**2. Let u be k(-2). Let o(a) = a**2 - 75*a + 836. What is the remainder when r(u) is divided by o(13)?
25
Let b(o) = -2 - 7*o + 3 + 20*o + 3 + 1. What is the remainder when 213 is divided by b(2)?
27
Calculate the remainder when 1249 is divided by -3*(16 - (-1088)/(-51)).
1
Let b be (1 - 5) + (-672)/(-16). Suppose 9*o + b = -7. What is the remainder when 5 + o - -1*41 is divided by 21?
20
Suppose 2*n - 96 = -3*b + 128, -3*n + 70 = b. Suppose -78 = -11*w + b. What is the remainder when w + -2 - 2 - 1 is divided by 3?
0
Let d(r) = r**2 + 17 + 7*r**3 + 2*r**2 + 8 - r - 29. Suppose -3*u - 3*s + 72 = 0, 0 = -5*u - 3*s + 68 + 50. What is the remainder when d(2) is divided by u?
16
Let c(u) = 2*u - 34. Suppose -3*j - 25 = -4*q + 19, 4*j = 5*q - 56. Calculate the remainder when c(23) is divided by q.
4
Suppose 0 = 5*i - 4*j - 288 - 136, j - 839 = -10*i. What is the remainder when i is divided by 42?
0
Suppose j - 15 = 6*j, 3*f - 4*j - 180 = 0. Let x be ((-5)/(-15))/(2/48). Suppose -6*p + x*p = 30. Calculate the remainder when f is divided by p.
11
Suppose 54*f - 58*f - 3*m = -146, -f = 5*m - 28. What is the remainder when 717 is divided by f?
33
Suppose 0 = w + 2*z - 8, 0 = 13*w - 11*w - 5*z + 2. Suppose -5*u + 1 + w = 0, -j + 3*u = -72. What is the remainder when j is divided by 22?
9
Let f = -68 + 75. Let q(l) = -16*l**2 + 123*l - 10. Calculate the remainder when q(f) is divided by 18.
13
Let a = -7836 - -7931. Let j = 18 + 2. Calculate the remainder when a is divided by (24/(-5))/((-4)/j).
23
Let p(t) = t**3 + 10*t**2 - 40*t + 8. Let r = -419 + 943. Calculate the remainder when r is divided by p(-13).
20
Suppose 4*l + 183 - 447 = 0. Calculate the remainder when 1781 is divided by l.
65
Let w be (10/25)/(39/(-40) - -1). Suppose z - 57 = -1. What is the remainder when z is divided by 40*(-3 - 1)*(-2)/w?
16
Suppose -8*s = -42*s + 136. Suppose -117 = -2*g + j, g - s*j = -3*g + 224. Calculate the remainder when g is divided by 48.
13
Let l = -278 + 680. Suppose -397*v = -l*v + 105. Calculate the remainder when 76 is divided by v.
13
Let u = -6212 + 6374. What is the remainder when u is divided by 38?
10
Let f(d) = 31*d**2 - 7*d + 2. Let j be f(2). What is the remainder when 308 is divided by (0 + 8)/((j/91)/8)?
48
Let p(g) be the second derivative of -3*g**3/2 + 2*g**2 + 2*g - 12. Calculate the remainder when p(-10) is divided by 25.
19
Suppose -2*u - 5*j + 209 = 0, -2*j = 4*u - 313 - 97. What is the remainder when u is divided by 21?
18
Let j(t) = -70*t**2 - 10*t + 19. Let d(c) = 0*c + 13 - 21*c - 47*c**2 + 14*c. Let p(a) = -8*d(a) + 5*j(a). Calculate the remainder when p(2) is divided by 28.
23
Let h(i) be the first derivative of 30 - 1/2*i**2 + 40*i. Calculate the remainder when 58 is divided by h(10).
28
Let s(x) = 6*x**2 + 27 - 21*x - 17 - 13 - 20*x. What is the remainder when s(8) is divided by 28?
25
Suppose 0 = -19*k + 1395 + 638. Suppose 9*p + k = 368. What is the remainder when p is divided by 5?
4
Let j be 5*(-5)/(-50)*10. Suppose 0 = 2*n + 4, 2*n - j*n = 3*o - 117. Calculate the remainder when o is divided by 11.
8
Let p = 20998 + -10640. Calculate the remainder when p is divided by 74.
72
Suppose -h + 15640 = -3*t - 2*t, t + 3*h = -3128. Let g be 2/14 + t/(-7). Suppose 3*f - 162 = g. Calculate the remainder when f is divided by 34.
33
Let o(d) = -d**3 + 8*d**2 - 9*d + 1. Let t be 224/(-42)*22/(-4)*6. Suppose 167*h = t*h - 72. Calculate the remainder when o(6) is divided by h.
3
Let f be ((-2)/2 - -1)/2. Suppose 0 = y - f*y - 35. Suppose -4*u = -25 - y. Calculate the remainder when u is divided by 4.
3
Suppose 9 = 2*y + y + b, -25 = -4*y + 3*b. Suppose y*g - 4*f - 552 = 0, -2*g + 3*f = -15 - 256. Calculate the remainder when g is divided by 74.
69
Suppose 2*r = 5*r - 5*o - 807, 3*o - 1047 = -4*r. Suppose 0 = -24*l + 28*l - r. Calculate the remainder when l is divided by 25.
16
Let t(c) = c**3 - 42*c**2 - 94*c - 107. Let v be t(45). Let a = v + -868. Calculate the remainder when a is divided by 97.
94
Let i = -17 - -28. Let f = -23921 + 24283. Calculate the remainder when f is divided by i.
10
Let r be 9/(-12) + 2 + 10/(-8). Suppose 7*v + 0*v - 168 = r. Calculate the remainder when 71 is divided by v.
23
Let b be 28*(6/(-21))/(4/(-8)). Let s(c) = 3*c**3 - 48*c**2 + 4*c - 1. What is the remainder when 503 is divided by s(b)?
62
Calculate the remainder when (-45)/21*-282 - ((-208)/56 - -4) is divided by 18.
10
Suppose g - 5*k + 8 = 46, -k + 68 = 4*g. What is the remainder when -10 - (3194/(-28) + 2/28) is divided by g?
14
Suppose 4*r + 170 + 65 = 5*q, -4*r + 152 = 4*q. Calculate the remainder when 1331 is divided by q.
41
Suppose -6*y + 10845 = -y. Suppose y*q = 2172*q - 51. What is the remainder when 690/14 - 2/7 is divided by q?
15
Suppose -g + 3626 = 3*q, -8*g = q + 1016 - 30139. Calculate the remainder when g is divided by 453.
17
Let m(f) = -7 + 7*f + 0*f - 6 + 26. What is the remainder when m(5) is divided by 25?
23
Let w = -17 - -15. Let d be (6 - w) + 4 + -8. Suppose 2*r - 3*s = s, -2*s = d*r - 30. Calculate the remainder when 10 is divided by r.
4
Let p = 394 - 391. Suppose -4*i = -2*d - 0*d - 156, -2*i = -p*d - 74. Calculate the remainder when i is divided by 9.
4
Let u(a) = -a**2 - 7*a + 427. What is the remainder when 461 is divided by u(11)?
3
Suppose -193*n - 718 = 249*n - 3812. Suppose -5*k = 3*p - 6 - 19, -4*k = -20. Let l = 3 - p. Calculate the remainder when n is divided by l.
1
Let r = 5944 - 4663. Calculate the remainder when r is divided by 33.
27
Suppose 66 = -48*a - 6606. What is the remainder when a/(-2)*(-50 + 60) is divided by 29?
28
Let q = -12 + 237. Suppose q = -b + 26*b. What is the remainder when b is divided by 1?
0
Suppose 35*s - 297 = -33*s - 31*s. Let g = 5 - 1. What is the remainder when g is divided by s?
1
Let c(u) = -4*u**2 - 5*u + 9. Let g be c(-5). Calculate the remainder when 50 is divided by (1 - -17)*(g/12 + 7).
23
Suppose -3*p - 194 = -4*v - 5*p, 2*v - 88 = -4*p. Let f(u) = u**2 + 15*u + 2. What is the remainder when v is divided by f(-17)?
14
Let v be 15/10 + (-325)/(-26). Suppose 0 = -v*i + 1172 - 24. What is the remainder when i is divided by 17?
14
Let t(r) = -r**3 - 34*r**2 + 241*r + 73. Suppose x + 2 = 0, -3*x - x - 791 = -3*w. Calculate the remainder when w is divided by t(-40).
30
Let t be 7/1 + 5 + -10. Let z(u) = 40*u - 67. Calculate the remainder when 86 is divided by z(t).
8
Calculate the remainder when (-2145)/(-286)*(632/6 + 2 + -2) is divided by 38.
30
Suppose -525 = 5*s + l, -s + 6*s - l + 525 = 0. Let p = 110 + s. Suppose -3*j = -4*g + 35, -p*g + j = -6*g. Calculate the remainder when 58 is divided by g.
3
Suppose 0 = -321*d + 325*d - 2828. Calculate the remainder when d is divided by 242.
223
Let x(j) = j**2 - 74*j - 998. What is the remainder when 98 is divided by x(86)?
30
Let n(z) = -53*z**3 - 2*z**2 - 3*z + 1. Suppose -2*h = -0*h. Calculate the remainder when n(-1) is divided by (-1 - h)*(-16 - 3).
17
Let c(t) = 5*t**2 - 2*t. Let v(i) = -44*i - 42. Suppose -38 = 14*y - 10. What is the remainder when v(y) is divided by c(2)?
14
Let q = 7297 + -6122. Calculate the remainder when q is divided by 571.
33
Suppose -46*v + 109*v = -122*v + 360935. Calculate the remainder when v is divided by 39.
1
Let t be -32 + (-3 + 0)/(33/(-22)). Let b be (t/35)/((-2)/(-112)). What is the remainder when 45 is divided by (b/10)/(4 + (-63)/15)?
21
Let i = 3917 + -3780. Calculate the remainder when i is divided by 50.
37
Let r be (-25)/(-10)*(-54)/5. Let y = r + 34. Suppose -3*g = 2*m - 104, -y*g = -12*g - m + 164. Calculate the remainder when g is divided by 7.
4
Suppose -4*j = -11 - 9. Let q(w) = 3*w - 9. Let y be q(j). Let o(k) = -k + 57. Calculate the remainder when o(